 214065?
3, 5, 67, 71
What are the prime factors of 8091294?
2, 3, 1348549
What are the prime factors of 8920156?
2, 7, 71, 641
List the prime factors of 533989.
533989
List the prime factors of 395859.
3, 127, 1039
List the prime factors of 2784109.
2784109
List the prime factors of 1431136.
2, 7, 6389
List the prime factors of 2969222.
2, 269, 5519
What are the prime factors of 99980?
2, 5, 4999
List the prime factors of 424966.
2, 17, 29, 431
What are the prime factors of 11442645?
3, 5, 254281
What are the prime factors of 341486?
2, 113, 1511
What are the prime factors of 5637898?
2, 7, 23, 17509
What are the prime factors of 11134568?
2, 109, 113
List the prime factors of 128676.
2, 3, 10723
What are the prime factors of 808216?
2, 101027
What are the prime factors of 135590?
2, 5, 7, 13, 149
What are the prime factors of 9291594?
2, 3, 13, 139, 857
List the prime factors of 2974139.
7, 83, 5119
What are the prime factors of 538965?
3, 5, 7, 29, 59
List the prime factors of 3118739.
13, 127, 1889
List the prime factors of 233073.
3, 19, 29, 47
What are the prime factors of 18069086?
2, 7, 1290649
List the prime factors of 25774.
2, 7, 263
List the prime factors of 500251.
19, 113, 233
What are the prime factors of 313980?
2, 3, 5, 5233
List the prime factors of 1058730.
2, 3, 5, 35291
List the prime factors of 532085.
5, 106417
What are the prime factors of 726537?
3, 7, 29, 1193
List the prime factors of 1045614.
2, 3, 229, 761
List the prime factors of 5003663.
7, 714809
What are the prime factors of 234959?
234959
What are the prime factors of 7310387?
7, 43, 149, 163
List the prime factors of 14521628.
2, 11, 330037
List the prime factors of 22953346.
2, 13, 53, 16657
List the prime factors of 234961.
234961
What are the prime factors of 756154?
2, 7, 54011
What are the prime factors of 4697693?
7, 11, 13, 19
List the prime factors of 3417539.
3417539
What are the prime factors of 178133?
53, 3361
What are the prime factors of 4552268?
2, 7, 367, 443
What are the prime factors of 2516364?
2, 3, 69899
List the prime factors of 7313781.
3, 71, 34337
What are the prime factors of 89442?
2, 3, 4969
List the prime factors of 2955718.
2, 601, 2459
List the prime factors of 142982.
2, 7, 1459
List the prime factors of 120187.
31, 3877
What are the prime factors of 117985?
5, 7, 3371
List the prime factors of 23339838.
2, 3, 29, 31, 4327
What are the prime factors of 3985367?
109, 36563
List the prime factors of 9171870.
2, 3, 5, 19, 16091
What are the prime factors of 1198230?
2, 3, 5, 11, 3631
List the prime factors of 84317.
84317
What are the prime factors of 15781184?
2, 191, 1291
What are the prime factors of 167688?
2, 3, 17, 137
List the prime factors of 1066723.
7, 152389
What are the prime factors of 30566?
2, 17, 29, 31
What are the prime factors of 64299?
3, 21433
List the prime factors of 267325.
5, 17, 37
List the prime factors of 2845132.
2, 29, 24527
List the prime factors of 2106628.
2, 526657
What are the prime factors of 6748796?
2, 17, 61, 1627
What are the prime factors of 1386077?
7, 11, 47, 383
What are the prime factors of 14498038?
2, 7249019
List the prime factors of 602876.
2, 23, 6553
What are the prime factors of 4060795?
5, 109, 7451
What are the prime factors of 25359086?
2, 12679543
List the prime factors of 72071.
97, 743
What are the prime factors of 593408?
2, 19, 61
What are the prime factors of 124284?
2, 3, 10357
What are the prime factors of 92936?
2, 11617
List the prime factors of 15344352.
2, 3, 53279
List the prime factors of 552318.
2, 3, 13, 73, 97
What are the prime factors of 3723772?
2, 13, 19, 3769
List the prime factors of 1986133.
1986133
List the prime factors of 19483.
19483
List the prime factors of 10983406.
2, 7, 19, 157, 263
What are the prime factors of 2062939?
23, 257, 349
What are the prime factors of 13801375?
5, 7, 15773
What are the prime factors of 380893?
19, 20047
What are the prime factors of 3470128?
2, 73, 2971
List the prime factors of 365187.
3, 41, 2969
What are the prime factors of 150281?
67, 2243
List the prime factors of 289338.
2, 3, 7, 83
List the prime factors of 11188.
2, 2797
What are the prime factors of 2306688?
2, 3, 6007
What are the prime factors of 31449?
3, 11, 953
What are the prime factors of 42213?
3, 14071
List the prime factors of 587935.
5, 59, 1993
What are the prime factors of 320966?
2, 160483
List the prime factors of 1959061.
13, 150697
What are the prime factors of 1769454?
2, 3, 197, 499
List the prime factors of 983033.
101, 9733
List the prime factors of 273759.
3, 91253
What are the prime factors of 604733?
604733
What are the prime factors of 618690?
2, 3, 5, 41, 503
List the prime factors of 488969.
13, 29, 1297
List the prime factors of 2341815.
3, 5, 7, 22303
List the prime factors of 874939.
13, 17, 37, 107
What are the prime factors of 375213?
3, 181, 691
What are the prime factors of 11254?
2, 17, 331
What are the prime factors of 322126?
2, 7, 19, 173
List the prime factors of 3287717.
61, 53897
What are the prime factors of 42402031?
7, 29, 208877
List the prime factors of 152000.
2, 5, 19
List the prime factors of 3725426.
2, 647, 2879
List the prime factors of 875416.
2, 73, 1499
What are the prime factors of 136484?
2, 149, 229
List the prime factors of 981905.
5, 43, 4567
What are the prime factors of 1390581?
3, 51503
What are the prime factors of 2780556?
2, 3, 139, 1667
List the prime factors of 100814.
2, 7, 19, 379
List the prime factors of 336678.
2, 3, 56113
List the prime factors of 2127323.
11, 193393
List the prime factors of 14830997.
14830997
What are the prime factors of 147498?
2, 3, 13, 31, 61
List the prime factors of 1050787.
17, 113, 547
What are the prime factors of 4321188?
2, 3, 13337
List the prime factors of 9035305.
5, 1807061
What are the prime factors of 692979?
3, 7, 32999
What are the prime factors of 119680?
2, 5, 11, 17
List the prime factors of 385308.
2, 3, 7, 11, 139
List the prime factors of 3351192.
2, 3, 13, 23, 467
List the prime factors of 4066062.
2, 3, 7, 11, 13, 677
List the prime factors of 1877332.
2, 181, 2593
What are the prime factors of 1156322?
2, 163, 3547
What are the prime factors of 4046001?
3, 83, 16249
List the prime factors of 1528061.
1528061
What are the prime factors of 149313?
3, 71, 701
List the prime factors of 2380471.
2380471
List the prime factors of 873789.
3, 7, 41609
What are the prime factors of 339223?
339223
List the prime factors of 5733375.
3, 5, 15289
List the prime factors of 207758.
2, 73, 1423
List the prime factors of 3108207.
3, 1036069
List the prime factors of 169674.
2, 3, 28279
List the prime factors of 7663818.
2, 3, 103, 12401
What are the prime factors of 4018947?
3, 607, 2207
What are the prime factors of 268211?
268211
List the prime factors of 5522899.
5522899
What are the prime factors of 6853525?
5, 7, 39163
What are the prime factors of 817352?
2, 71, 1439
List the prime factors of 529484.
2, 132371
What are the prime factors of 22641822?
2, 3, 7, 43, 199
What are the prime factors of 22568699?
29, 71, 97, 113
What are the prime factors of 10196722?
2, 739, 6899
What are the prime factors of 364907?
29, 12583
List the prime factors of 16369627.
43, 617
What are the prime factors of 541191?
3, 7, 25771
List the prime factors of 11978407.
7, 199, 8599
List the prime factors of 698553.
3, 77617
What are the prime factors of 6709039?
331, 20269
What are the prime factors of 951403?
29, 53, 619
What are the prime factors of 13428241?
13428241
What are the prime factors of 19543113?
3, 31, 43, 181
What are the prime factors of 4779092?
2, 317, 3769
List the prime factors of 200986.
2, 100493
What are the prime factors of 1573522?
2, 23, 79, 433
What are the prime factors of 930394?
2, 173, 2689
List the prime factors of 4129403.
19, 217337
List the prime factors of 6878345.
5, 1375669
What are the prime factors of 14950961?
14950961
List the prime factors of 772473.
3, 13, 29, 683
What are the prime factors of 11383908?
2, 3, 948659
List the prime factors of 1994161.
13, 211, 727
List the prime factors of 6174295.
5, 967, 1277
List the prime factors of 3415089.
3, 1138363
List the prime factors of 4204380.
2, 3, 5, 79, 887
What are the p